e of 7?
False
Does 6 divide 779?
False
Is 4825 a multiple of 25?
True
Is 10 a factor of 45940?
True
Is 5 a factor of 2773?
False
Does 74 divide 222?
True
Is 360 a multiple of 12?
True
Is 10 a factor of 510?
True
Is 1003 a multiple of 3?
False
Does 108 divide 2640?
False
Is 60 a multiple of 3?
True
Is 13 a factor of 26370?
False
Does 11 divide 22792?
True
Is 10157 a multiple of 32?
False
Does 22 divide 11443?
False
Is 15224 a multiple of 22?
True
Is 10373 a multiple of 23?
True
Does 14 divide 1227?
False
Is 7 a factor of 2859?
False
Is 41022 a multiple of 159?
True
Is 1825 even?
False
Does 38 divide 228?
True
Is 3 a factor of 76?
False
Is 12 a factor of 1223?
False
Is 15 a factor of 718?
False
Is 34 a factor of 200?
False
Is 723 a multiple of 16?
False
Is 10784 a multiple of 16?
True
Is 800 a multiple of 20?
True
Is 6792 a multiple of 24?
True
Is 11 a factor of 3300?
True
Does 155 divide 5354?
False
Does 21 divide 7266?
True
Is 8786 a multiple of 44?
False
Does 66 divide 17953?
False
Is 12 a factor of 1788?
True
Does 113 divide 9492?
True
Does 38 divide 846?
False
Is 1582 a multiple of 75?
False
Is 315 a multiple of 5?
True
Is 7961 a multiple of 15?
False
Does 13 divide 171223?
True
Is 4 a factor of 610?
False
Is 33 a factor of 3366?
True
Is 29 a factor of 21784?
False
Does 6 divide 3533?
False
Is 540 a multiple of 4?
True
Is 10 a factor of 7070?
True
Does 6 divide 1137?
False
Is 13 a factor of 4960?
False
Is 69 a factor of 3302?
False
Is 839 a multiple of 135?
False
Is 50906 a multiple of 24?
False
Does 72 divide 1076?
False
Is 10 a factor of 9538?
False
Is 30303 a multiple of 37?
True
Is 162 a factor of 3867?
False
Is 3384 a multiple of 72?
True
Is 241 a multiple of 6?
False
Is 12 a factor of 4224?
True
Is 52490 a multiple of 181?
True
Is 28 a factor of 5992?
True
Does 20 divide 10793?
False
Is 4845 a multiple of 9?
False
Does 35 divide 101165?
False
Is 12883 a multiple of 123?
False
Does 12 divide 2756?
False
Does 34 divide 2445?
False
Is 100 a multiple of 5?
True
Does 4 divide 139?
False
Is 246 a multiple of 123?
True
Does 52 divide 44774?
False
Is 27 a factor of 3645?
True
Is 5 a factor of 159?
False
Is 21 a factor of 676?
False
Is 20 a factor of 6920?
True
Is 68 a factor of 18632?
True
Does 20 divide 90?
False
Is 154 a multiple of 11?
True
Is 43 a factor of 172?
True
Is 8 a factor of 856?
True
Is 112 a factor of 3441?
False
Is 13 a factor of 806?
True
Does 14 divide 3248?
True
Does 55 divide 3520?
True
Is 2526 a multiple of 81?
False
Does 35 divide 385?
True
Is 7 a factor of 3435?
False
Is 123 a factor of 72817?
False
Is 3859 a multiple of 39?
False
Is 12 a factor of 44496?
True
Is 41 a factor of 3116?
True
Is 4868 a multiple of 20?
False
Does 4 divide 5224?
True
Is 890 a multiple of 11?
False
Is 10 a factor of 6280?
True
Is 3634 a multiple of 158?
True
Is 6943 a multiple of 13?
False
Is 66128 a multiple of 11?
False
Is 80 a factor of 9440?
True
Is 54 a factor of 3186?
True
Does 79 divide 44173?
False
Is 79 a factor of 30707?
False
Is 16 a factor of 476?
False
Is 20 a factor of 1100?
True
Is 66150 a multiple of 45?
True
Is 768 a multiple of 32?
True
Is 14730 a multiple of 30?
True
Is 608 a multiple of 8?
True
Is 2640 a multiple of 15?
True
Does 39 divide 117?
True
Is 11232 a multiple of 27?
True
Is 336 a multiple of 8?
True
Is 420 a multiple of 7?
True
Does 13 divide 1514?
False
Does 53 divide 1537?
True
Is 1582 a multiple of 7?
True
Is 11 a factor of 220?
True
Is 21 a factor of 945?
True
Does 9 divide 1413?
True
Does 8 divide 32?
True
Is 143225 a multiple of 25?
True
Is 5 a factor of 3764?
False
Is 118 a multiple of 6?
False
Does 4 divide 87?
False
Does 5 divide 8400?
True
Does 3 divide 22731?
True
Does 50 divide 1298?
False
Does 51 divide 102?
True
Is 5550 a multiple of 50?
True
Does 2 divide 639?
False
Is 40 a multiple of 2?
True
Does 18 divide 50?
False
Is 4190 a multiple of 108?
False
Is 9269 a multiple of 23?
True
Is 64 a factor of 3648?
True
Does 45 divide 174?
False
Does 197 divide 11820?
True
Does 55 divide 4822?
False
Is 10139 a multiple of 81?
False
Is 22400 a multiple of 16?
True
Is 31 a factor of 93?
True
Does 88 divide 39645?
False
Is 76628 a multiple of 196?
False
Is 10 a factor of 4946?
False
Is 250 a multiple of 10?
True
Is 31 a factor of 896?
False
Is 6 a factor of 55908?
True
Does 87 divide 4959?
True
Is 167 a multiple of 18?
False
Is 134 a multiple of 10?
False
Does 28 divide 553?
False
Is 134 a factor of 7831?
False
Does 20 divide 4000?
True
Is 46259 a multiple of 285?
False
Is 132 a factor of 11640?
False
Is 1149 a multiple of 52?
False
Is 51 a factor of 34476?
True
Is 284 a multiple of 12?
False
Does 13 divide 79918?
False
Is 416 a multiple of 6?
False
Is 36864 a multiple of 7?
False
Does 12 divide 35064?
True
Does 32 divide 476?
False
Is 29 a factor of 649?
False
Is 9976 a multiple of 43?
True
Does 5 divide 388?
False
Does 2 divide 592?
True
Is 323 a multiple of 17?
True
Is 20430 a multiple of 5?
True
Is 46 a factor of 4532?
False
Is 18 a factor of 647?
False
Does 76 divide 760?
True
Is 3 a factor of 1288?
False
Is 9 a factor of 189?
True
Is 28131 a multiple of 312?
False
Does 48 divide 8592?
True
Is 27880 a multiple of 25?
False
Does 4 divide 4549?
False
Does 4 divide 392?
True
Is 1316 a multiple of 28?
True
Does 11 divide 1573?
True
Is 7824 a multiple of 12?
True
Is 1025 a multiple of 4?
False
Is 89640 a multiple of 27?
True
Does 280 divide 49840?
True
Is 27 a factor of 1216?
False
Is 2 a factor of 2079?
False
Is 11 a factor of 126?
False
Does 7 divide 210?
True
Does 61 divide 3538?
True
Does 169 divide 48068?
False
Does 21 divide 2803?
False
Is 1911 a multiple of 21?
True
Is 576 a multiple of 36?
True
Is 17 a factor of 48461?
False
Does 162 divide 60426?
True
Is 15 a factor of 99435?
True
Is 2068 a multiple of 4?
True
Does 9 divide 763?
False
Is 8058 a multiple of 11?
False
Is 14 a factor of 24080?
True
Is 129 a factor of 258?
True
Is 31350 a multiple of 10?
True
Is 6 a factor of 1710?
True
Is 24 a factor of 969?
False
Is 11 a factor of 5401?
True
Is 5977 a multiple of 43?
True
Is 19 a factor of 494?
True
Does 73 divide 1095?
True
Does 16 divide 277?
False
Is 640 a multiple of 26?
False
Does 5 divide 5642?
False
Is 250 a multiple of 10?
True
Does 2 divide 61?
False
Is 87 a factor of 22829?
False
Does 26 divide 7064?
False
Does 9 divide 30354?
False
Does 57 divide 27417?
True
Does 4 divide 866?
False
Is 425 a multiple of 17?
True
Is 41 a factor of 1333?
False
Does 11 divide 165?
True
Does 7 divide 245?
True
Is 2982 a multiple of 14?
True
Is 9 a factor of 1917?
True
Is 727 a multiple of 5?
False
Is 10560 a multiple of 158?
False
Is 69 a factor of 6555?
True
Is 62 a factor of 2914?
True
Does 34 divide 52428?
True
Does 252 divide 16429?
False
Is 3 a factor of 814?
False
Is 270 a multiple of 3?
True
Does 199 divide 34029?
True
Does 46 divide 3864?
True
Does 59 divide 42839?
False
Is 969 a multiple of 51?
True
Is 3022 a multiple of 12?
False
Is 48 a factor of 720?
True
Is 8 a factor of 744?
True
Is 4 a factor of 1021?
False
Is 15 a factor of 2115?
True
Is 672 a multiple of 14?
True
Does 28 divide 1624?
True
Does 11 divide 11191?
False
Is 539 a multiple of 2?
False
Does 54 divide 4374?
True
Is 1189 a multiple of 61?
False
Is 80 a multiple of 8?
True
Does 125 divide 2500?
True
Is 70 a multiple of 35?
True
Does 28 divide 15014?
False
Does 332 divide 1367?
False
Is 25 a factor of 1928?
False
Does 20 divide 680?
True
Does 53 divide 106?
True
Is 252 a multiple of 28?
True
Is 10 a factor of 13920?
True
Does 22 divide 18348?
True
Is 13 a factor of 90941?
False
Does 26 divide 520?
True
Does 23 divide 1137?
False
Is 10892 a multiple of 14?
True
Is 22 a factor of 9526?
True
Is 7859 a multiple of 8?
False
Is 43 a factor of 904?
False
Is 1155 a multiple of 35?
True
Is 17 a factor of 1598?
True
Is 4 a factor of 69?
False
Is 3 a factor of 17?
False
Does 18 divide 93384?
True
Is 34 a factor of 306?
True
Is 15 a factor of 594?
False
Is 66 a factor of 4868?
False
Is 664 a multiple of 30?
False
Is 270 a factor of 29721?
False
Does 82 divide 8036?
True
Does 3 divide 240?
True
Is 138 a factor of 15732?
True
Does 62 divide 28458?
True
Is 27 a factor of 8580?
False
Is 11904 a multiple of 12?
True
Is 263 a multiple of 8?
False
Is 80 a m